{"id":195,"date":"2020-04-20T11:07:38","date_gmt":"2020-04-20T09:07:38","guid":{"rendered":"http:\/\/resox.fr\/?page_id=195"},"modified":"2020-04-28T16:35:22","modified_gmt":"2020-04-28T14:35:22","slug":"lutte-contre-la-propagation-du-covid-19","status":"publish","type":"page","link":"https:\/\/resox.fr\/index.php\/lutte-contre-la-propagation-du-covid-19\/","title":{"rendered":"Lutte contre la propagation du COVID-19"},"content":{"rendered":"\n<div class=\"wp-block-image\"><figure class=\"aligncenter size-large\"><img loading=\"lazy\" decoding=\"async\" width=\"1024\" height=\"486\" src=\"http:\/\/resox.fr\/wp-content\/uploads\/2020\/04\/covid19-2-1024x486.png\" alt=\"\" class=\"wp-image-233\" srcset=\"https:\/\/resox.fr\/wp-content\/uploads\/2020\/04\/covid19-2-1024x486.png 1024w, https:\/\/resox.fr\/wp-content\/uploads\/2020\/04\/covid19-2-350x166.png 350w, https:\/\/resox.fr\/wp-content\/uploads\/2020\/04\/covid19-2-300x142.png 300w, https:\/\/resox.fr\/wp-content\/uploads\/2020\/04\/covid19-2-768x364.png 768w, https:\/\/resox.fr\/wp-content\/uploads\/2020\/04\/covid19-2-1536x729.png 1536w, https:\/\/resox.fr\/wp-content\/uploads\/2020\/04\/covid19-2-2048x972.png 2048w\" sizes=\"auto, (max-width: 767px) 89vw, (max-width: 1000px) 54vw, (max-width: 1071px) 543px, 580px\" \/><\/figure><\/div>\n\n\n\n<p>En compl\u00e9ment des gestes barri\u00e8res indispensables, de la distanciation, des solutions techniques existent pour assurer votre reprise d&rsquo;activit\u00e9 sereinement.<\/p>\n\n\n\n<p>\u2705&nbsp;Solution de mesure de temp\u00e9rature corporelle gr\u00e2ce \u00e0 des cam\u00e9ras thermographiques d&rsquo;une pr\u00e9cision de \u00b1 0,5\u00b0C ( \u00b1 0,3\u00b0C avec l&rsquo;ajout d&rsquo;un corps noir). La cam\u00e9ra permet une lecture de la temp\u00e9rature tr\u00e8s rapide et de maintenir la distanciation avec l&rsquo;agent de contr\u00f4le. La&nbsp;prise de temp\u00e9rature peut \u00e9galement \u00eatre autonome avec des fonctionnalit\u00e9s de contr\u00f4le du port de masque.<\/p>\n\n\n\n<p>\u2705\u00a0Comptage des entr\u00e9es\/sorties afin de conna\u00eetre le nombre de personnes dans l&rsquo;\u00e9tablissement. Ne monopolisez pas un agent \u00e0 cette t\u00e2che.<\/p>\n\n\n\n<p>\u2705\u00a0D\u00e9tection de l\u2019absence du port de masque, dans le cas o\u00f9 le port deviendra obligatoire.<\/p>\n\n\n\n<p>\u2705&nbsp;Affichage dynamique des informations de pr\u00e9vention propre \u00e0 votre activit\u00e9.<\/p>\n\n\n\n<div class=\"wp-block-pdf-viewer-block-standard\" style=\"text-align:center\"><div class=\"uploaded-pdf\"><a href=\"http:\/\/resox.fr\/wp-content\/uploads\/2020\/04\/Resox-Reprise-dactivit\u00e9.pdf\" data-width=\"\" data-height=\"\"><\/a><\/div><\/div>\n\n\n\n<p><\/p>\n","protected":false},"excerpt":{"rendered":"<p>En compl\u00e9ment des gestes barri\u00e8res indispensables, de la distanciation, des solutions techniques existent pour assurer votre reprise d&rsquo;activit\u00e9 sereinement. \u2705&nbsp;Solution de mesure de temp\u00e9rature corporelle gr\u00e2ce \u00e0 des cam\u00e9ras thermographiques d&rsquo;une pr\u00e9cision de \u00b1 0,5\u00b0C ( \u00b1 0,3\u00b0C avec l&rsquo;ajout d&rsquo;un corps noir). La cam\u00e9ra permet une lecture de la temp\u00e9rature tr\u00e8s rapide et de &hellip; <\/p>\n<p class=\"link-more\"><a href=\"https:\/\/resox.fr\/index.php\/lutte-contre-la-propagation-du-covid-19\/\" class=\"more-link\">Continuer la lecture<span class=\"screen-reader-text\"> de &laquo;&nbsp;Lutte contre la propagation du COVID-19&nbsp;&raquo;<\/span><\/a><\/p>\n","protected":false},"author":1,"featured_media":0,"parent":0,"menu_order":0,"comment_status":"closed","ping_status":"closed","template":"","meta":{"footnotes":""},"class_list":["post-195","page","type-page","status-publish","hentry"],"_links":{"self":[{"href":"https:\/\/resox.fr\/index.php\/wp-json\/wp\/v2\/pages\/195","targetHints":{"allow":["GET"]}}],"collection":[{"href":"https:\/\/resox.fr\/index.php\/wp-json\/wp\/v2\/pages"}],"about":[{"href":"https:\/\/resox.fr\/index.php\/wp-json\/wp\/v2\/types\/page"}],"author":[{"embeddable":true,"href":"https:\/\/resox.fr\/index.php\/wp-json\/wp\/v2\/users\/1"}],"replies":[{"embeddable":true,"href":"https:\/\/resox.fr\/index.php\/wp-json\/wp\/v2\/comments?post=195"}],"version-history":[{"count":8,"href":"https:\/\/resox.fr\/index.php\/wp-json\/wp\/v2\/pages\/195\/revisions"}],"predecessor-version":[{"id":238,"href":"https:\/\/resox.fr\/index.php\/wp-json\/wp\/v2\/pages\/195\/revisions\/238"}],"wp:attachment":[{"href":"https:\/\/resox.fr\/index.php\/wp-json\/wp\/v2\/media?parent=195"}],"curies":[{"name":"wp","href":"https:\/\/api.w.org\/{rel}","templated":true}]}}