{"id":10,"date":"2019-10-30T14:41:37","date_gmt":"2019-10-30T13:41:37","guid":{"rendered":"http:\/\/resox.fr\/?page_id=10"},"modified":"2019-12-30T11:37:48","modified_gmt":"2019-12-30T10:37:48","slug":"a-propos-de","status":"publish","type":"page","link":"https:\/\/resox.fr\/index.php\/a-propos-de\/","title":{"rendered":"\u00c0 propos de RESOX"},"content":{"rendered":"<p>Soci\u00e9t\u00e9 de services et conseils\u00a0 en syst\u00e8mes &amp; r\u00e9seaux, contr\u00f4le d&rsquo;acc\u00e8s, vid\u00e9o protection et gestion technique du b\u00e2timent.<\/p>\n","protected":false},"excerpt":{"rendered":"<p>Soci\u00e9t\u00e9 de services et conseils\u00a0 en syst\u00e8mes &amp; r\u00e9seaux, contr\u00f4le d&rsquo;acc\u00e8s, vid\u00e9o protection et gestion technique du b\u00e2timent.<\/p>\n","protected":false},"author":1,"featured_media":0,"parent":0,"menu_order":0,"comment_status":"closed","ping_status":"closed","template":"","meta":{"footnotes":""},"class_list":["post-10","page","type-page","status-publish","hentry"],"_links":{"self":[{"href":"https:\/\/resox.fr\/index.php\/wp-json\/wp\/v2\/pages\/10","targetHints":{"allow":["GET"]}}],"collection":[{"href":"https:\/\/resox.fr\/index.php\/wp-json\/wp\/v2\/pages"}],"about":[{"href":"https:\/\/resox.fr\/index.php\/wp-json\/wp\/v2\/types\/page"}],"author":[{"embeddable":true,"href":"https:\/\/resox.fr\/index.php\/wp-json\/wp\/v2\/users\/1"}],"replies":[{"embeddable":true,"href":"https:\/\/resox.fr\/index.php\/wp-json\/wp\/v2\/comments?post=10"}],"version-history":[{"count":6,"href":"https:\/\/resox.fr\/index.php\/wp-json\/wp\/v2\/pages\/10\/revisions"}],"predecessor-version":[{"id":109,"href":"https:\/\/resox.fr\/index.php\/wp-json\/wp\/v2\/pages\/10\/revisions\/109"}],"wp:attachment":[{"href":"https:\/\/resox.fr\/index.php\/wp-json\/wp\/v2\/media?parent=10"}],"curies":[{"name":"wp","href":"https:\/\/api.w.org\/{rel}","templated":true}]}}